32)).
-14
Evaluate 91 + (-151 - -66 - -17).
23
Calculate -83 + -9 + (-479 - -557).
-14
What is -13 + (22 - 7) - -16?
18
What is the value of 1 + 6 + 13 + -17 + -4 - (2 - 7)?
4
23 + -97 + -3 - -40
-37
What is -47 + 1 - (-53 + 37 + 5) - 3?
-38
Calculate (23 - 11) + 11 + -6 - (1 + -4).
20
Calculate -48 + (17 + -32 - -73) + 89 + 1.
100
Calculate (1 - 1 - 76) + -6 + 30 + -10.
-62
What is (-11 - (-14 - (86 + -19))) + -31 + 21?
60
What is (2013 - 1997 - ((1 - -22) + 1)) + -33?
-41
What is -65 + (-539 + 533 - (0 + (0 - 26)))?
-45
-100 + 178 + (-67 - 63)
-52
Evaluate (-2 - (3 + 23)) + (35 - (37 - (3 - 8))).
-35
((-5 - 3) + (-7 - (-22 + -7)) - -86) + -14
86
Calculate (0 - 7) + (1 - 31) + (-71 - -113).
5
What is 7 + (13 - 5) + (2 - -16) + -15?
18
17 - (28 - ((-44 - -13) + 14 + 2))
-26
Calculate 18 + (-15 - -13) - (38 - 4) - 8.
-26
Calculate 85 + (7 - 0) + (6 - 4 - 16) + -7.
71
Calculate 76 - (1 - 14 - (1949 + -1996)).
42
Calculate (-13 - ((1 - -32) + (143 - 147))) + 8.
-34
Calculate 1 + -6 + (18 - (5 - -10)) + -2.
-4
25 - (167 - 172 - (-2 - -19))
47
-34 - -39 - (27 - 19) - 30
-33
What is (1 + -5 - 3) + (24 - (16 - -35))?
-34
Evaluate (64 - -1) + (185 - 344).
-94
Calculate -4 + 84 - 57 - 18.
5
What is the value of -1 - (-12 - -2 - (-6 - 15 - -29))?
17
Evaluate 28 + -1 - (6 + -15 + -2).
38
Calculate -206 + 249 + 1 + -36.
8
What is the value of (1 - -7 - -9 - 3) + 33?
47
1 + -5 + -3 - (8 + (-70 - -21))
34
What is the value of ((-19 - 2) + (33 - 5) - (4 - -2)) + 98?
99
Evaluate (-57 - ((-2 + -2 - 0) + (-536 - -547))) + -12.
-76
What is the value of -35 - (-21 + 12) - (-259 - -314)?
-81
Calculate -136 + 72 - (5 - (0 + -9 - (-9 + 5))).
-74
-152 + 82 - -67 - (0 - 4)
1
Evaluate (-238 - -146) + -3 + 36 + 2.
-57
24 + (29 - 17 - -28) + -4
60
Evaluate (13 - (96 + -41)) + 44.
2
What is -24 + (0 - -1) + -5 + -15 + 8 + 9?
-26
Calculate 3 - (-13 + 23) - 8 - -48.
33
What is the value of -13 - (-1 + -12 + -17) - -18?
35
What is the value of -27 + 68 + -34 + 46?
53
Evaluate (-2 - (-57 + -3)) + -18 + 47 + -28.
59
What is the value of 123 + (-13 - -54) + -123?
41
What is (2 + 36 - 3) + (22 + -46 - -29)?
40
Evaluate -22 - (5 + -8) - (-12 - (-35 - -36)).
-6
What is 7 + 9 + 14 + (4 - (7 + 1)) + -70?
-44
What is ((9 - 21) + -1 - (12 - 33)) + -120 + -5?
-117
What is the value of (-14 + 29 - 46) + 38 + 98?
105
What is -158 + 83 + (-3 + -1 + -2 + 4 - -2)?
-75
What is the value of 16 - (143 - (-34 + -2 + 9))?
-154
Calculate (-11083 - -10968) + (28 - 0).
-87
What is 321 - 324 - (0 + 79)?
-82
What is 17 - ((29 - 27) + 21)?
-6
What is (30 - 89) + 86 + -73?
-46
What is the value of 113 - ((-114 - -36) + 132)?
59
What is 711 + -742 + 0 + 39 + 36?
44
What is the value of 2 - -12 - (-47 + 66 - (-3 + 21)) - 9?
4
Calculate -89 + (12 - (23 - -5)) + 44.
-61
Calculate 28 + 69 + 15 + 30 - (5 + -1 + -5).
143
What is (-6 - (-2 + -5)) + (14 - 12) + -70 - -7?
-60
What is the value of -42 + -4 + (8 - (49 + -38 + (-4 - -2)))?
-47
What is (-1 + (14 - 17) - (2 - 19)) + 61?
74
What is -2 + (12 - (-4 - (4 + -12)) - 10)?
-4
14 + -11 + (9 - (15 - 12)) - -47 - -9
65
170 - (83 + -190 + 153)
124
What is -15 + 8 - -12 - (-3 + -4 + 12 + 26)?
-26
Evaluate (-1 - (0 + -1) - 73) + (-58551 - -58556).
-68
Calculate -221 + 283 + (-54 - -4).
12
34 + 94 + -40 - 26
62
(70 - 59 - ((1 - 2) + 16)) + -2 + 10
4
Evaluate -6 + 4 + (4 - 6) + -58 + 2 + 19.
-41
Calculate -2 + 47 - (86 + -128).
87
What is 1 - 20 - (124 - -17 - (104 - 41))?
-97
-31 + 14 + (-6 - (8 + -2 + -5)) + -2
-26
What is the value of (-139 - (18 - 64)) + 43?
-50
What is (1 - 2) + 78 + (70 - (111 + -54) - -2)?
92
Calculate 14 + 3 + (-10 - 20) - (-10 - 4 - -5).
-4
What is the value of 7 + 2 + (-3 - (-4 - 0) - (84 - 108))?
34
Evaluate 9 + (-98 + 118 + (-7 - 2) - (-16 - -1)).
35
51 + (4 - 48) + -39
-32
Evaluate 6 - (-1 + -8) - (19 - (-5 + 14)) - -106.
111
Calculate (144 - -4) + -91 + 15.
72
What is the value of -52 + 4 - (-9 + -3)?
-36
27 - (-48 + 76) - (-4 + (-9 + 6 - -24))
-18
What is 7 + -1 + 5 - (17 + (25 - -22))?
-53
What is (46 - 13) + -45 - (-4 - (99 + 1) - 1)?
93
-29 - (25 - (6 + 11)) - -25
-12
What is (-13 - 1) + 7 + 2 + (9 - 5) + -36?
-37
Calculate -11 - (-39 + ((-11 - (2 - 3)) + -8 - -13)).
33
Evaluate -4 + (20 + (-19 - 19) - -21).
-1
Calculate 1 - 0 - (139 - 55) - (3 + 15 - 30).
-71
What is 620 + -635 - (0 - -30)?
-45
What is the value of -58 + -2 + -73 + 196?
63
Calculate 0 - -31 - (-2631 - -2673).
-11
Evaluate -17 - (-43 - 1) - -7.
34
(3 - (29 - 1)) + -10 + 27
-8
Calculate -5 + 82 + 26 + (6 - -5) + 0 + -1.
113
What is (-25 - -48) + 6 - ((-13 - -7) + -15)?
50
Evaluate (9 - -3) + (-2 + 10 - 11) + 84 + 6.
99
Calculate -24 - (-2 - (-488 + 477 - (1 - 14))).
-20
What is the value of 3 + -91 + 1 - (8 - (-150 + 137))?
-108
What is the value of 10 + (0 + 0 - (113 - 88))?
-15
5 + -145 + 105 + 6
-29
What is the value of -11 + (-15 - -12) + (-27 - (2 - -4))?
-47
Calculate 20 + -28 + -64 + -16 + 4 + -5.
-89
(-45 - (4 - (4 + 7))) + 13 + -1
-26
What is the value of -51 + -12 - (0 + -37 + 20)?
-46
9 + -4 + 1 + -9 + 379 + -383
-7
36 + 26 + (-30 - 63)
-31
Calculate -2 - (11 - 18) - (-25 + 18 + -9).
21
Evaluate (-22 - -55) + 49 + -191.
-109
-29 - ((-20 - (15 + -29 + 5)) + (-2 - -9))
-25
What is -18 - (-17 + 6 + 18 + 12)?
-37
What is the value of 16449 + -16406 + (-2 - -1) + -4?
38
What is the value of 3 - 0 - ((-68 - (-12 - 5)) + 7 + 21)?
26
328 + -208 + -130 - (103 + -1 + 0 + -1)
-111
Calculate -160 - (-157 - -86) - 5.
-94
Calculate -80 - (-69 + 15 - 92).
66
Evaluate (-204 - -51) + (4 - (-35 + 18)).
-132
(-366 - -387) + (35 - 3)
53
What is the value of 10 + -9 - (17 + -31) - 19?
-4
Calculate (13 - -2) + 2 + -7 + 42 + -1 + -25.
26
(-15 - ((-44 - -1) + -577 + 600)) + -4
1
Evaluate (4 + -38 - -19) + (-17 + 3 - -3).
-26
What is (-28 - (20 - 12)) + 30?
-6
What is 16 - (-8 - -49) - -53?
28
Calculate -36 + 7 - (17 + -5).
-41
What is 7 + (43 - 18 - 8) - (-66 + 1)?
89
4 + -111 + (149 + -156 - (-18 - 0)) + -8
-104
Calculate -39 + 4 - (57 + 100 + -274).
82
What is the value of 6 + (11 - 68) + 10?
-41
Calculate 24 + (53 - 8 - (47 + -15)).
37
What is -111 - -93 - (0 - 5) - -2?
-11
Evaluate -28 - (2 + 13 - (40 + -17)).
-20
Calculate 6 + 50 + -20 + 11.
47
What is the value of (5 - -11) + (-142 - 33) + 25?
-134
What is -41 + 81 + (-65 - -20)?
-5
(35 - (1 - -38)) + 1 + -12 + 2 + -11
-24
9 + 11 + 21 + -1 + -21
19
Evaluate 5 + 42 + (-72 - -71) + (-11 - -2).
37
Evaluate -9 - (1 + 1 + -11 - (313 - 312)).
1
52 + -14 + 6 + -2 + 3 + 2
47
What is the value of (9 - (7 + -5)) + 3 + 1 + -74?
-63
What is -22 + (89 - 57) - -33?
43
Evaluate 5 + 0 - (1 - (18 + (-2 - -4))).
24
Calculate -23 - (-29 - (7 - 5)) - 18.
-10
Evaluate 295 + -108 - 86 - 128.
-27
What is -10 + -3 + 21 + -60 - (-6 - 2)?
-44
Calculate (-801 - -836) + -6 + -1 + -5.
23
What is the value of (3 + 15 - 5 - -6) + (-376 - -378)?
21
What is 23 + 286 + -298 + 10 + (-5 - -4)?
20
What is the value of (-1 + 5 - (-2 + (3 - -8))) + -34?
-39
680 + -34 + -655 + -1 + (11 - 0)
1
What is (1 - (1 - 13)) + (66 - -166 - 248)?
-3
Calculate (-62 - (-42 - 7)) + -48.
-61
What is the value of -16 + -1 + 14 + (17 + -22 - 8)?
-16
420 + -384 - (4 + 9)
23
What is -14 - (18 + -27 - (16 - 23))?
-12
(-19 - -3) + (287 - 371) + (-1 - 2)
-103
What is the value of 12 + (-22 - -12) - (85 + -8 + -8) - -4?
-63
What is (-112 + 234 - 246) + 221?
97
Calculate (24 - ((24 - 46) + 56)) + 5 - 101.
-106
2 - (1 + 36 - (-17 + 2 + (14 - -3)))
-33
Evaluate -2 + -62 + 90 + -10.
16
15 + 34 - (2 + -17) - 22
42
What is the value of 8 - (7 - -8 - 6) - (-4 + -6 - -5)?
4
61 - 98 - (-20 - -1) - -74
56
Calculate 107 - (150 + 74 + -115).
-2
-4 + 1 + (-1 - 54) + -43 + 52 + 20
-29
-62 + 28 + 57 + 18 + 0
41
What is 69 + (21 + -49 + 22 - -8)?
71
20 - 111 - (137 - 291)
63
-14 + 40 + -28 - ((5 - 4) + 0)
-3
What is the value of (14 - 17) + 4 - 18 - (-5 - -1)?
-13
What is the value of 110630 + -110520 - ((34 - 0) + 0)?
76
What is the value of -15 + 6 - (1 + 12 + -16)?
-6
What is the value of -380 + 401 - (-2 - -1) - 15?
7
Evaluate 31 + 1 - (-3976 - -4021).
-13
What is the value of 2 + -16 - 6 - (15 + -10 - -5)?
-30
Calculate (-95 + 20 - -46) + (-7 - 0 - 2).
-38
-491 + 500 + (5 - (1 + 2 + (148 - 8)))
-129
Evaluate -60 + 110 - (2 + -2 - (29 + -29)).
50
What is -20 + (-1 - -4) + (2 - -3 - -5)?
-7
W